{"id":185,"date":"2014-11-03T13:25:24","date_gmt":"2014-11-03T13:25:24","guid":{"rendered":"http:\/\/xn--rothemhl-c6a.de\/?page_id=185"},"modified":"2017-01-24T10:42:21","modified_gmt":"2017-01-24T10:42:21","slug":"gewesen","status":"publish","type":"page","link":"https:\/\/xn--rothemhl-c6a.de\/?page_id=185","title":{"rendered":"01.11.14 &#8211; Herbstfest"},"content":{"rendered":"<p>Um 15.00 Uhr traf sich die \u00e4ltere Generation zur gem\u00fctlichen<br \/>\nKaffeerunde\u00a0mit selbstgebackenem Kuchen.<br \/>\nDanach sorgten die \u201eStrasburger Sangesbr\u00fcder\u201c\u00a0f\u00fcr gute Unterhaltung.<br \/>\nZum Abschluss gab`s Bowle und Bratwurst.<br \/>\nHier ein gro\u00dfes Dankesch\u00f6n an Frau Kutzner\u00a0f\u00fcr die Hilfe bei der Organisation und<br \/>\nan\u00a0Nora Voltz f\u00fcr das Eindecken und Dekorieren sowie den Taxiservice.<br \/>\nEbenfalls um 15.00 Uhr kamen die J\u00fcngsten zum Basteln\u00a0in\u00a0den Jugendclub.<br \/>\nFrau Muchow hatte hier alles in Eigeninitiative\u00a0vorbereitet,\u00a0gab Anleitung<br \/>\nund Hilfestellung. Auch an sie ein gro\u00dfes Dankesch\u00f6n !<\/p>\n<p>Ab 17.00 Uhr grillte unsere Feuerwehrtruppe\u00a0Bratw\u00fcrste, damit sich alle noch<br \/>\nst\u00e4rken konnten bevor ab 20.00 Uhr im \u201eTreff der Generationen\u201c gefeiert wurde.<br \/>\nEin riiiiiesengro\u00dfes Dankesch\u00f6n an Petra und Jochen Lemke\u00a0sowie Nora Voltz, die die<br \/>\nkomplette Party vorbereitet und\u00a0organisiert, den ganzen Abend bis morgens 3.00 Uhr<br \/>\nGetr\u00e4nke\u00a0ausgeschenkt und am Sonntag alles aufger\u00e4umt,<br \/>\ngeputzt und abgewaschen haben.<br \/>\nDanke an Danilo Voltz, der sich trotz aufkommender M\u00fcdigkeit\u00a0bis zum Schluss um die Musik gek\u00fcmmert hat.<br \/>\nUnd nat\u00fcrlich \u201eDanke\u201c an die 97 Leute,\u00a0die mit uns gefeiert haben.<\/p>\n\n\t\t<style type=\"text\/css\">\n\t\t\t#gallery-1 {\n\t\t\t\tmargin: auto;\n\t\t\t}\n\t\t\t#gallery-1 .gallery-item {\n\t\t\t\tfloat: left;\n\t\t\t\tmargin-top: 10px;\n\t\t\t\ttext-align: center;\n\t\t\t\twidth: 33%;\n\t\t\t}\n\t\t\t#gallery-1 img {\n\t\t\t\tborder: 2px solid #cfcfcf;\n\t\t\t}\n\t\t\t#gallery-1 .gallery-caption {\n\t\t\t\tmargin-left: 0;\n\t\t\t}\n\t\t\t\/* see gallery_shortcode() in wp-includes\/media.php *\/\n\t\t<\/style>\n\t\t<div id='gallery-1' class='gallery galleryid-185 gallery-columns-3 gallery-size-thumbnail'><dl class='gallery-item'>\n\t\t\t<dt class='gallery-icon landscape'>\n\t\t\t\t<a href='https:\/\/xn--rothemhl-c6a.de\/?attachment_id=373'><img loading=\"lazy\" decoding=\"async\" width=\"150\" height=\"150\" src=\"https:\/\/xn--rothemhl-c6a.de\/wp-content\/uploads\/2015\/02\/1-150x150.jpg\" class=\"attachment-thumbnail size-thumbnail\" alt=\"\" aria-describedby=\"gallery-1-373\" \/><\/a>\n\t\t\t<\/dt>\n\t\t\t\t<dd class='wp-caption-text gallery-caption' id='gallery-1-373'>\n\t\t\t\tSeniorenprogramm\n\t\t\t\t<\/dd><\/dl><dl class='gallery-item'>\n\t\t\t<dt class='gallery-icon landscape'>\n\t\t\t\t<a href='https:\/\/xn--rothemhl-c6a.de\/?attachment_id=374'><img loading=\"lazy\" decoding=\"async\" width=\"150\" height=\"150\" src=\"https:\/\/xn--rothemhl-c6a.de\/wp-content\/uploads\/2015\/02\/2-150x150.jpg\" class=\"attachment-thumbnail size-thumbnail\" alt=\"\" aria-describedby=\"gallery-1-374\" srcset=\"https:\/\/xn--rothemhl-c6a.de\/wp-content\/uploads\/2015\/02\/2-150x150.jpg 150w, https:\/\/xn--rothemhl-c6a.de\/wp-content\/uploads\/2015\/02\/2-300x297.jpg 300w, https:\/\/xn--rothemhl-c6a.de\/wp-content\/uploads\/2015\/02\/2-800x793.jpg 800w, https:\/\/xn--rothemhl-c6a.de\/wp-content\/uploads\/2015\/02\/2.jpg 960w\" sizes=\"auto, (max-width: 150px) 100vw, 150px\" \/><\/a>\n\t\t\t<\/dt>\n\t\t\t\t<dd class='wp-caption-text gallery-caption' id='gallery-1-374'>\n\t\t\t\tBasteln mit Frau Muchow\n\t\t\t\t<\/dd><\/dl><dl class='gallery-item'>\n\t\t\t<dt class='gallery-icon landscape'>\n\t\t\t\t<a href='https:\/\/xn--rothemhl-c6a.de\/?attachment_id=375'><img loading=\"lazy\" decoding=\"async\" width=\"150\" height=\"150\" src=\"https:\/\/xn--rothemhl-c6a.de\/wp-content\/uploads\/2015\/02\/Bar-150x150.jpg\" class=\"attachment-thumbnail size-thumbnail\" alt=\"\" aria-describedby=\"gallery-1-375\" \/><\/a>\n\t\t\t<\/dt>\n\t\t\t\t<dd class='wp-caption-text gallery-caption' id='gallery-1-375'>\n\t\t\t\tTanzabend 01\n\t\t\t\t<\/dd><\/dl><br style=\"clear: both\" \/><dl class='gallery-item'>\n\t\t\t<dt class='gallery-icon landscape'>\n\t\t\t\t<a href='https:\/\/xn--rothemhl-c6a.de\/?attachment_id=376'><img loading=\"lazy\" decoding=\"async\" width=\"150\" height=\"150\" src=\"https:\/\/xn--rothemhl-c6a.de\/wp-content\/uploads\/2015\/02\/Bar-2-150x150.jpg\" class=\"attachment-thumbnail size-thumbnail\" alt=\"\" aria-describedby=\"gallery-1-376\" \/><\/a>\n\t\t\t<\/dt>\n\t\t\t\t<dd class='wp-caption-text gallery-caption' id='gallery-1-376'>\n\t\t\t\tTanzabend 02\n\t\t\t\t<\/dd><\/dl><dl class='gallery-item'>\n\t\t\t<dt class='gallery-icon landscape'>\n\t\t\t\t<a href='https:\/\/xn--rothemhl-c6a.de\/?attachment_id=568'><img loading=\"lazy\" decoding=\"async\" width=\"150\" height=\"150\" src=\"https:\/\/xn--rothemhl-c6a.de\/wp-content\/uploads\/2014\/11\/02-150x150.jpg\" class=\"attachment-thumbnail size-thumbnail\" alt=\"\" aria-describedby=\"gallery-1-568\" \/><\/a>\n\t\t\t<\/dt>\n\t\t\t\t<dd class='wp-caption-text gallery-caption' id='gallery-1-568'>\n\t\t\t\tTanzabend 03\n\t\t\t\t<\/dd><\/dl><dl class='gallery-item'>\n\t\t\t<dt class='gallery-icon landscape'>\n\t\t\t\t<a href='https:\/\/xn--rothemhl-c6a.de\/?attachment_id=377'><img loading=\"lazy\" decoding=\"async\" width=\"150\" height=\"150\" src=\"https:\/\/xn--rothemhl-c6a.de\/wp-content\/uploads\/2015\/02\/Fischer-150x150.jpg\" class=\"attachment-thumbnail size-thumbnail\" alt=\"\" aria-describedby=\"gallery-1-377\" \/><\/a>\n\t\t\t<\/dt>\n\t\t\t\t<dd class='wp-caption-text gallery-caption' id='gallery-1-377'>\n\t\t\t\tTanzabend 04\n\t\t\t\t<\/dd><\/dl><br style=\"clear: both\" \/><dl class='gallery-item'>\n\t\t\t<dt class='gallery-icon landscape'>\n\t\t\t\t<a href='https:\/\/xn--rothemhl-c6a.de\/?attachment_id=378'><img loading=\"lazy\" decoding=\"async\" width=\"150\" height=\"150\" src=\"https:\/\/xn--rothemhl-c6a.de\/wp-content\/uploads\/2015\/02\/Raumrunde-150x150.jpg\" class=\"attachment-thumbnail size-thumbnail\" alt=\"\" aria-describedby=\"gallery-1-378\" srcset=\"https:\/\/xn--rothemhl-c6a.de\/wp-content\/uploads\/2015\/02\/Raumrunde-150x150.jpg 150w, https:\/\/xn--rothemhl-c6a.de\/wp-content\/uploads\/2015\/02\/Raumrunde-800x800.jpg 800w\" sizes=\"auto, (max-width: 150px) 100vw, 150px\" \/><\/a>\n\t\t\t<\/dt>\n\t\t\t\t<dd class='wp-caption-text gallery-caption' id='gallery-1-378'>\n\t\t\t\tTanzabend 05\n\t\t\t\t<\/dd><\/dl><dl class='gallery-item'>\n\t\t\t<dt class='gallery-icon landscape'>\n\t\t\t\t<a href='https:\/\/xn--rothemhl-c6a.de\/?attachment_id=379'><img loading=\"lazy\" decoding=\"async\" width=\"150\" height=\"150\" src=\"https:\/\/xn--rothemhl-c6a.de\/wp-content\/uploads\/2015\/02\/Raumrunde-2-150x150.jpg\" class=\"attachment-thumbnail size-thumbnail\" alt=\"\" aria-describedby=\"gallery-1-379\" \/><\/a>\n\t\t\t<\/dt>\n\t\t\t\t<dd class='wp-caption-text gallery-caption' id='gallery-1-379'>\n\t\t\t\tTanzabend 06\n\t\t\t\t<\/dd><\/dl><dl class='gallery-item'>\n\t\t\t<dt class='gallery-icon landscape'>\n\t\t\t\t<a href='https:\/\/xn--rothemhl-c6a.de\/?attachment_id=380'><img loading=\"lazy\" decoding=\"async\" width=\"150\" height=\"150\" src=\"https:\/\/xn--rothemhl-c6a.de\/wp-content\/uploads\/2015\/02\/Raumrunde-3-150x150.jpg\" class=\"attachment-thumbnail size-thumbnail\" alt=\"\" aria-describedby=\"gallery-1-380\" \/><\/a>\n\t\t\t<\/dt>\n\t\t\t\t<dd class='wp-caption-text gallery-caption' id='gallery-1-380'>\n\t\t\t\tTanzabend 07\n\t\t\t\t<\/dd><\/dl><br style=\"clear: both\" \/><dl class='gallery-item'>\n\t\t\t<dt class='gallery-icon landscape'>\n\t\t\t\t<a href='https:\/\/xn--rothemhl-c6a.de\/?attachment_id=381'><img loading=\"lazy\" decoding=\"async\" width=\"150\" height=\"150\" src=\"https:\/\/xn--rothemhl-c6a.de\/wp-content\/uploads\/2015\/02\/Tanzen-2-150x150.jpg\" class=\"attachment-thumbnail size-thumbnail\" alt=\"\" aria-describedby=\"gallery-1-381\" srcset=\"https:\/\/xn--rothemhl-c6a.de\/wp-content\/uploads\/2015\/02\/Tanzen-2-150x150.jpg 150w, https:\/\/xn--rothemhl-c6a.de\/wp-content\/uploads\/2015\/02\/Tanzen-2-800x792.jpg 800w\" sizes=\"auto, (max-width: 150px) 100vw, 150px\" \/><\/a>\n\t\t\t<\/dt>\n\t\t\t\t<dd class='wp-caption-text gallery-caption' id='gallery-1-381'>\n\t\t\t\tTanzabend 08\n\t\t\t\t<\/dd><\/dl>\n\t\t\t<br style='clear: both' \/>\n\t\t<\/div>\n\n<p style=\"text-align: left;\"><a href=\"http:\/\/xn--rothemhl-c6a.de\/wp-content\/uploads\/2014\/11\/10361581_1572036049683536_507879900401174139_n.jpg\">\u00a0 \u00a0<\/a><\/p>\n<p style=\"text-align: left;\"><a href=\"http:\/\/xn--rothemhl-c6a.de\/wp-content\/uploads\/2014\/11\/10361581_1572036049683536_507879900401174139_n.jpg\">\u00a0<\/a><\/p>\n<p style=\"text-align: left;\"><a href=\"http:\/\/xn--rothemhl-c6a.de\/wp-content\/uploads\/2014\/11\/Raumrunde-2.jpg\">\u00a0 \u00a0 \u00a0\u00a0<\/a><\/p>\n<p>&nbsp;<\/p>\n","protected":false},"excerpt":{"rendered":"<p>Um 15.00 Uhr traf sich die \u00e4ltere Generation zur gem\u00fctlichen Kaffeerunde\u00a0mit selbstgebackenem Kuchen. Danach sorgten die \u201eStrasburger Sangesbr\u00fcder\u201c\u00a0f\u00fcr gute Unterhaltung. Zum Abschluss gab`s Bowle und Bratwurst. Hier ein gro\u00dfes Dankesch\u00f6n an Frau Kutzner\u00a0f\u00fcr die Hilfe bei der Organisation und an\u00a0Nora <span class=\"excerpt-dots\">&hellip;<\/span> <a class=\"more-link\" href=\"https:\/\/xn--rothemhl-c6a.de\/?page_id=185\"><span class=\"more-msg\">Weiterlesen &rarr;<\/span><\/a><\/p>\n","protected":false},"author":1,"featured_media":0,"parent":183,"menu_order":25,"comment_status":"closed","ping_status":"closed","template":"","meta":{"footnotes":""},"class_list":["post-185","page","type-page","status-publish","hentry"],"_links":{"self":[{"href":"https:\/\/xn--rothemhl-c6a.de\/index.php?rest_route=\/wp\/v2\/pages\/185","targetHints":{"allow":["GET"]}}],"collection":[{"href":"https:\/\/xn--rothemhl-c6a.de\/index.php?rest_route=\/wp\/v2\/pages"}],"about":[{"href":"https:\/\/xn--rothemhl-c6a.de\/index.php?rest_route=\/wp\/v2\/types\/page"}],"author":[{"embeddable":true,"href":"https:\/\/xn--rothemhl-c6a.de\/index.php?rest_route=\/wp\/v2\/users\/1"}],"replies":[{"embeddable":true,"href":"https:\/\/xn--rothemhl-c6a.de\/index.php?rest_route=%2Fwp%2Fv2%2Fcomments&post=185"}],"version-history":[{"count":26,"href":"https:\/\/xn--rothemhl-c6a.de\/index.php?rest_route=\/wp\/v2\/pages\/185\/revisions"}],"predecessor-version":[{"id":1180,"href":"https:\/\/xn--rothemhl-c6a.de\/index.php?rest_route=\/wp\/v2\/pages\/185\/revisions\/1180"}],"up":[{"embeddable":true,"href":"https:\/\/xn--rothemhl-c6a.de\/index.php?rest_route=\/wp\/v2\/pages\/183"}],"wp:attachment":[{"href":"https:\/\/xn--rothemhl-c6a.de\/index.php?rest_route=%2Fwp%2Fv2%2Fmedia&parent=185"}],"curies":[{"name":"wp","href":"https:\/\/api.w.org\/{rel}","templated":true}]}}