{"id":2094,"date":"2019-06-07T22:03:45","date_gmt":"2019-06-07T22:03:45","guid":{"rendered":"http:\/\/xn--rothemhl-c6a.de\/?page_id=2094"},"modified":"2019-06-07T22:11:25","modified_gmt":"2019-06-07T22:11:25","slug":"01-06-19-kindertag","status":"publish","type":"page","link":"http:\/\/xn--rothemhl-c6a.de\/?page_id=2094","title":{"rendered":"01.06.19 &#8211; Kindertag"},"content":{"rendered":"\n<p> KINDERTAGsfeier &#8211; Die &#8222;Jungs&#8220; unserer Feuerwehr hatten alles super organisiert.\u00a0\u2764lichen Dank!!!!! H\u00fcpfburg, diverse Spielst\u00e4nde, Cr\u00eapes, selbst gebackener Kuchen, Bratwurst, Rundfahrten mit der Feuerwehr und nat\u00fcrlich das tolle Wetter lockten viele Kinder auf den Platz. <\/p>\n\n\n\n<ul class=\"wp-block-gallery columns-3 is-cropped wp-block-gallery-1 is-layout-flex wp-block-gallery-is-layout-flex\"><li class=\"blocks-gallery-item\"><figure><img loading=\"lazy\" decoding=\"async\" width=\"960\" height=\"720\" src=\"http:\/\/xn--rothemhl-c6a.de\/wp-content\/uploads\/2019\/06\/61753108_2293363877550746_3652508375419191296_n.jpg\" alt=\"\" data-id=\"2096\" data-link=\"http:\/\/xn--rothemhl-c6a.de\/?attachment_id=2096\" class=\"wp-image-2096\" srcset=\"http:\/\/xn--rothemhl-c6a.de\/wp-content\/uploads\/2019\/06\/61753108_2293363877550746_3652508375419191296_n.jpg 960w, http:\/\/xn--rothemhl-c6a.de\/wp-content\/uploads\/2019\/06\/61753108_2293363877550746_3652508375419191296_n-300x225.jpg 300w, http:\/\/xn--rothemhl-c6a.de\/wp-content\/uploads\/2019\/06\/61753108_2293363877550746_3652508375419191296_n-768x576.jpg 768w\" sizes=\"auto, (max-width: 960px) 100vw, 960px\" \/><\/figure><\/li><li class=\"blocks-gallery-item\"><figure><img loading=\"lazy\" decoding=\"async\" width=\"960\" height=\"601\" src=\"http:\/\/xn--rothemhl-c6a.de\/wp-content\/uploads\/2019\/06\/61883931_2293363920884075_40518931923861504_n.jpg\" alt=\"\" data-id=\"2097\" data-link=\"http:\/\/xn--rothemhl-c6a.de\/?attachment_id=2097\" class=\"wp-image-2097\" srcset=\"http:\/\/xn--rothemhl-c6a.de\/wp-content\/uploads\/2019\/06\/61883931_2293363920884075_40518931923861504_n.jpg 960w, http:\/\/xn--rothemhl-c6a.de\/wp-content\/uploads\/2019\/06\/61883931_2293363920884075_40518931923861504_n-300x188.jpg 300w, http:\/\/xn--rothemhl-c6a.de\/wp-content\/uploads\/2019\/06\/61883931_2293363920884075_40518931923861504_n-768x481.jpg 768w\" sizes=\"auto, (max-width: 960px) 100vw, 960px\" \/><\/figure><\/li><li class=\"blocks-gallery-item\"><figure><img loading=\"lazy\" decoding=\"async\" width=\"960\" height=\"720\" src=\"http:\/\/xn--rothemhl-c6a.de\/wp-content\/uploads\/2019\/06\/61609710_2293364224217378_7843359548130721792_n.jpg\" alt=\"\" data-id=\"2098\" data-link=\"http:\/\/xn--rothemhl-c6a.de\/?attachment_id=2098\" class=\"wp-image-2098\" srcset=\"http:\/\/xn--rothemhl-c6a.de\/wp-content\/uploads\/2019\/06\/61609710_2293364224217378_7843359548130721792_n.jpg 960w, http:\/\/xn--rothemhl-c6a.de\/wp-content\/uploads\/2019\/06\/61609710_2293364224217378_7843359548130721792_n-300x225.jpg 300w, http:\/\/xn--rothemhl-c6a.de\/wp-content\/uploads\/2019\/06\/61609710_2293364224217378_7843359548130721792_n-768x576.jpg 768w\" sizes=\"auto, (max-width: 960px) 100vw, 960px\" \/><\/figure><\/li><li class=\"blocks-gallery-item\"><figure><img loading=\"lazy\" decoding=\"async\" width=\"960\" height=\"740\" src=\"http:\/\/xn--rothemhl-c6a.de\/wp-content\/uploads\/2019\/06\/61695045_2293363970884070_8516096317406052352_n.jpg\" alt=\"\" data-id=\"2100\" data-link=\"http:\/\/xn--rothemhl-c6a.de\/?attachment_id=2100\" class=\"wp-image-2100\" srcset=\"http:\/\/xn--rothemhl-c6a.de\/wp-content\/uploads\/2019\/06\/61695045_2293363970884070_8516096317406052352_n.jpg 960w, http:\/\/xn--rothemhl-c6a.de\/wp-content\/uploads\/2019\/06\/61695045_2293363970884070_8516096317406052352_n-300x231.jpg 300w, http:\/\/xn--rothemhl-c6a.de\/wp-content\/uploads\/2019\/06\/61695045_2293363970884070_8516096317406052352_n-768x592.jpg 768w\" sizes=\"auto, (max-width: 960px) 100vw, 960px\" \/><\/figure><\/li><li class=\"blocks-gallery-item\"><figure><img loading=\"lazy\" decoding=\"async\" width=\"720\" height=\"960\" src=\"http:\/\/xn--rothemhl-c6a.de\/wp-content\/uploads\/2019\/06\/61732118_2293364257550708_7967617298510905344_n.jpg\" alt=\"\" data-id=\"2101\" data-link=\"http:\/\/xn--rothemhl-c6a.de\/?attachment_id=2101\" class=\"wp-image-2101\" srcset=\"http:\/\/xn--rothemhl-c6a.de\/wp-content\/uploads\/2019\/06\/61732118_2293364257550708_7967617298510905344_n.jpg 720w, http:\/\/xn--rothemhl-c6a.de\/wp-content\/uploads\/2019\/06\/61732118_2293364257550708_7967617298510905344_n-225x300.jpg 225w\" sizes=\"auto, (max-width: 720px) 100vw, 720px\" \/><\/figure><\/li><li class=\"blocks-gallery-item\"><figure><img loading=\"lazy\" decoding=\"async\" width=\"783\" height=\"960\" src=\"http:\/\/xn--rothemhl-c6a.de\/wp-content\/uploads\/2019\/06\/61862073_2293364130884054_4282499259342782464_n.jpg\" alt=\"\" data-id=\"2103\" data-link=\"http:\/\/xn--rothemhl-c6a.de\/?attachment_id=2103\" class=\"wp-image-2103\" srcset=\"http:\/\/xn--rothemhl-c6a.de\/wp-content\/uploads\/2019\/06\/61862073_2293364130884054_4282499259342782464_n.jpg 783w, http:\/\/xn--rothemhl-c6a.de\/wp-content\/uploads\/2019\/06\/61862073_2293364130884054_4282499259342782464_n-245x300.jpg 245w, http:\/\/xn--rothemhl-c6a.de\/wp-content\/uploads\/2019\/06\/61862073_2293364130884054_4282499259342782464_n-768x942.jpg 768w\" sizes=\"auto, (max-width: 783px) 100vw, 783px\" \/><\/figure><\/li><li class=\"blocks-gallery-item\"><figure><img loading=\"lazy\" decoding=\"async\" width=\"960\" height=\"805\" src=\"http:\/\/xn--rothemhl-c6a.de\/wp-content\/uploads\/2019\/06\/61650649_2293364067550727_8992231834880311296_n.jpg\" alt=\"\" data-id=\"2099\" data-link=\"http:\/\/xn--rothemhl-c6a.de\/?attachment_id=2099\" class=\"wp-image-2099\" srcset=\"http:\/\/xn--rothemhl-c6a.de\/wp-content\/uploads\/2019\/06\/61650649_2293364067550727_8992231834880311296_n.jpg 960w, http:\/\/xn--rothemhl-c6a.de\/wp-content\/uploads\/2019\/06\/61650649_2293364067550727_8992231834880311296_n-300x252.jpg 300w, http:\/\/xn--rothemhl-c6a.de\/wp-content\/uploads\/2019\/06\/61650649_2293364067550727_8992231834880311296_n-768x644.jpg 768w\" sizes=\"auto, (max-width: 960px) 100vw, 960px\" \/><\/figure><\/li><li class=\"blocks-gallery-item\"><figure><img loading=\"lazy\" decoding=\"async\" width=\"960\" height=\"829\" src=\"http:\/\/xn--rothemhl-c6a.de\/wp-content\/uploads\/2019\/06\/62269803_2293364017550732_1093397857794260992_n.jpg\" alt=\"\" data-id=\"2104\" data-link=\"http:\/\/xn--rothemhl-c6a.de\/?attachment_id=2104\" class=\"wp-image-2104\" srcset=\"http:\/\/xn--rothemhl-c6a.de\/wp-content\/uploads\/2019\/06\/62269803_2293364017550732_1093397857794260992_n.jpg 960w, http:\/\/xn--rothemhl-c6a.de\/wp-content\/uploads\/2019\/06\/62269803_2293364017550732_1093397857794260992_n-300x259.jpg 300w, http:\/\/xn--rothemhl-c6a.de\/wp-content\/uploads\/2019\/06\/62269803_2293364017550732_1093397857794260992_n-768x663.jpg 768w\" sizes=\"auto, (max-width: 960px) 100vw, 960px\" \/><\/figure><\/li><li class=\"blocks-gallery-item\"><figure><img loading=\"lazy\" decoding=\"async\" width=\"960\" height=\"643\" src=\"http:\/\/xn--rothemhl-c6a.de\/wp-content\/uploads\/2019\/06\/61732120_2293364097550724_4736591853602734080_n.jpg\" alt=\"\" data-id=\"2102\" data-link=\"http:\/\/xn--rothemhl-c6a.de\/?attachment_id=2102\" class=\"wp-image-2102\" srcset=\"http:\/\/xn--rothemhl-c6a.de\/wp-content\/uploads\/2019\/06\/61732120_2293364097550724_4736591853602734080_n.jpg 960w, http:\/\/xn--rothemhl-c6a.de\/wp-content\/uploads\/2019\/06\/61732120_2293364097550724_4736591853602734080_n-300x201.jpg 300w, http:\/\/xn--rothemhl-c6a.de\/wp-content\/uploads\/2019\/06\/61732120_2293364097550724_4736591853602734080_n-768x514.jpg 768w\" sizes=\"auto, (max-width: 960px) 100vw, 960px\" \/><\/figure><\/li><\/ul>\n","protected":false},"excerpt":{"rendered":"<p>KINDERTAGsfeier &#8211; Die &#8222;Jungs&#8220; unserer Feuerwehr hatten alles super organisiert.\u00a0\u2764lichen Dank!!!!! H\u00fcpfburg, diverse Spielst\u00e4nde, Cr\u00eapes, selbst gebackener Kuchen, Bratwurst, Rundfahrten mit der Feuerwehr und nat\u00fcrlich das tolle Wetter lockten viele Kinder auf den Platz.<\/p>\n <a class=\"more-link\" href=\"http:\/\/xn--rothemhl-c6a.de\/?page_id=2094\"><span class=\"more-msg\">Weiterlesen &rarr;<\/span><\/a>","protected":false},"author":1,"featured_media":0,"parent":183,"menu_order":5,"comment_status":"closed","ping_status":"closed","template":"","meta":{"footnotes":""},"class_list":["post-2094","page","type-page","status-publish","hentry"],"_links":{"self":[{"href":"http:\/\/xn--rothemhl-c6a.de\/index.php?rest_route=\/wp\/v2\/pages\/2094","targetHints":{"allow":["GET"]}}],"collection":[{"href":"http:\/\/xn--rothemhl-c6a.de\/index.php?rest_route=\/wp\/v2\/pages"}],"about":[{"href":"http:\/\/xn--rothemhl-c6a.de\/index.php?rest_route=\/wp\/v2\/types\/page"}],"author":[{"embeddable":true,"href":"http:\/\/xn--rothemhl-c6a.de\/index.php?rest_route=\/wp\/v2\/users\/1"}],"replies":[{"embeddable":true,"href":"http:\/\/xn--rothemhl-c6a.de\/index.php?rest_route=%2Fwp%2Fv2%2Fcomments&post=2094"}],"version-history":[{"count":2,"href":"http:\/\/xn--rothemhl-c6a.de\/index.php?rest_route=\/wp\/v2\/pages\/2094\/revisions"}],"predecessor-version":[{"id":2105,"href":"http:\/\/xn--rothemhl-c6a.de\/index.php?rest_route=\/wp\/v2\/pages\/2094\/revisions\/2105"}],"up":[{"embeddable":true,"href":"http:\/\/xn--rothemhl-c6a.de\/index.php?rest_route=\/wp\/v2\/pages\/183"}],"wp:attachment":[{"href":"http:\/\/xn--rothemhl-c6a.de\/index.php?rest_route=%2Fwp%2Fv2%2Fmedia&parent=2094"}],"curies":[{"name":"wp","href":"https:\/\/api.w.org\/{rel}","templated":true}]}}